{"id":1372,"date":"2023-05-07T08:39:08","date_gmt":"2023-05-07T08:39:08","guid":{"rendered":"https:\/\/luxoria.si\/?page_id=1372"},"modified":"2025-10-28T19:41:31","modified_gmt":"2025-10-28T19:41:31","slug":"kontakt","status":"publish","type":"page","link":"https:\/\/luxoria.si\/index.php\/kontakt\/","title":{"rendered":"Kontakt"},"content":{"rendered":"\n<p class=\"has-text-color has-link-color wp-elements-9ef9f2e19602cdc2779537f86def4bd9\" style=\"color:#59675e\"><br>Kako vam lahko pomagamo? Po\u0161ljite nam sporo\u010dilo in odgovorili vam bomo v najkraj\u0161em mo\u017enem \u010dasu.<\/p>\n\n\n<div class=\"wp-block-jetpack-contact-form\"><a href=\"https:\/\/luxoria.si\/index.php\/kontakt\/\" target=\"_blank\" rel=\"noopener noreferrer\">Submit a form.<\/a><\/div>","protected":false},"excerpt":{"rendered":"<p>Kako vam lahko pomagamo? Po\u0161ljite nam sporo\u010dilo in odgovorili vam bomo v najkraj\u0161em mo\u017enem \u010dasu.<\/p>\n","protected":false},"author":1,"featured_media":0,"parent":0,"menu_order":0,"comment_status":"closed","ping_status":"closed","template":"","meta":{"_eb_attr":"","footnotes":""},"class_list":["post-1372","page","type-page","status-publish","hentry"],"jetpack_sharing_enabled":true,"_links":{"self":[{"href":"https:\/\/luxoria.si\/index.php\/wp-json\/wp\/v2\/pages\/1372","targetHints":{"allow":["GET"]}}],"collection":[{"href":"https:\/\/luxoria.si\/index.php\/wp-json\/wp\/v2\/pages"}],"about":[{"href":"https:\/\/luxoria.si\/index.php\/wp-json\/wp\/v2\/types\/page"}],"author":[{"embeddable":true,"href":"https:\/\/luxoria.si\/index.php\/wp-json\/wp\/v2\/users\/1"}],"replies":[{"embeddable":true,"href":"https:\/\/luxoria.si\/index.php\/wp-json\/wp\/v2\/comments?post=1372"}],"version-history":[{"count":7,"href":"https:\/\/luxoria.si\/index.php\/wp-json\/wp\/v2\/pages\/1372\/revisions"}],"predecessor-version":[{"id":4456,"href":"https:\/\/luxoria.si\/index.php\/wp-json\/wp\/v2\/pages\/1372\/revisions\/4456"}],"wp:attachment":[{"href":"https:\/\/luxoria.si\/index.php\/wp-json\/wp\/v2\/media?parent=1372"}],"curies":[{"name":"wp","href":"https:\/\/api.w.org\/{rel}","templated":true}]}}