{"id":2715,"date":"2023-07-07T14:41:09","date_gmt":"2023-07-07T14:41:09","guid":{"rendered":"https:\/\/luxoria.si\/?post_type=product&#038;p=2715"},"modified":"2025-08-04T16:09:26","modified_gmt":"2025-08-04T16:09:26","slug":"biobones-60-kapsul","status":"publish","type":"product","link":"https:\/\/luxoria.si\/index.php\/product\/biobones-60-kapsul\/","title":{"rendered":"BIOBONES &#8211; 60 kapsul"},"content":{"rendered":"\n<p>Luxoria Biobones je namenjen ohranjanju zdravih sklepov in kosti ter spodbujanju njihove gibljivosti in mo\u010di. Redno u\u017eivanje tega kompleksa lahko prispeva k bolj\u0161emu delovanju hrustanca, zmanj\u0161anju vnetja ter ohranjanju zdravja kosti. <br><br><strong>KORALNI KALCIJ<\/strong><br>je pridobljen iz kalcificiranih rde\u010dih korali, ki izvirajo iz irskega morja. Ti korali predstavljajo morski kompleks mineralov, ki vsebujejo naravno prisotne bioaktivne oblike kalcija. Kalcij je klju\u010dnega pomena za zdravje kosti, sklepov, zob, mi\u0161ic in \u017eiv\u010dnega sistema. Luxoria Biobones zagotavlja naravno podporo za zdrave kosti in sklepe ter prispeva k njihovi mo\u010di in celovitemu delovanju.<br><br><strong>BAMBUS<\/strong><br>Dodatno so v kompleksu prisotne tudi rastlinske sestavine, ki pripomorejo k gibljivosti sklepov in krepitvi kosti. Bambus je znan po svoji bogati vsebnosti silicija, ki igra klju\u010dno vlogo pri tvorbi in ohranjanju zdravega hrustanca ter kostnega tkiva.<br><br><strong>BOSVELIJA<\/strong><br>Je pridobljena iz smole indijskega kadila, ima protivnetne lastnosti in lahko podpira zdravje sklepov.<br><br><strong>\u0160IPEK<\/strong><br>Je bogat vir vitamina C, ki ima pomembno vlogo pri nastajanju kolagena, klju\u010dnega gradnika hrustanca, ter prispeva k normalnemu delovanju hrustanca.<\/p>\n\n\n\n<p><br><br><br><br><br><br><\/p>\n","protected":false},"excerpt":{"rendered":"<p><strong>BIOBONES \u2013 naravna podpora za kosti, sklepe in gibljivost<\/strong><br \/>Vsebuje uravnote\u017eeno kombinacijo naravnih morskih mineralov in rastlinskih izvle\u010dkov, ki skupaj ustvarjajo sinergijsko delovanje za podporo gibalnemu sistemu. Glavno vlogo ima kompleks iz kalcifi ciranih rde\u010dih koral, ki izvirajo iz Irskega morja, obogaten pa je \u0161e z izvle\u010dki bambusa, bosvelije in \u0161ipka. Rde\u010de korale so bogat vir bioaktivnih mineralov \u2013 vklju\u010dno s kalcijem (340 mg, 42 % PDV*), magnezijem (265 mg, 70 % PDV*), selenom (8 \u03bcg, 15 % PDV*) in kromom (10 \u03bcg, 25 % PDV*). Ti minerali na naraven na\u010din prispevajo k ohranjanju zdravih kosti, zob, mi\u0161ic ter delovanju \u017eiv\u010dnega sistema. Rastlinski izvle\u010dki bambusa, bosvelije in \u0161ipka dopolnjujejo formulo ter so znani po tradicionalni vlogi pri ohranjanju gibljivih sklepov in \u010dvrstih kosti. Poleg tega izdelek vsebuje tudi vitamin C, ki ima pomembno vlogo pri nastajanju kolagena, kar prispeva k normalnemu delovanju hrustanca \u2013 klju\u010dnega tkiva pri gibljivosti sklepov. BIOBONES je primeren za vse, ki \u017eelijo naravno podpreti svoj gibalni sistem in vsakodnevno vitalnost.<\/p>\n","protected":false},"featured_media":4253,"comment_status":"open","ping_status":"closed","template":"","meta":{"_eb_attr":""},"product_brand":[],"product_cat":[32,22],"product_tag":[],"class_list":{"0":"post-2715","1":"product","2":"type-product","3":"status-publish","4":"has-post-thumbnail","6":"product_cat-vsi-izdelki","7":"product_cat-dopolnila","9":"first","10":"instock","11":"taxable","12":"shipping-taxable","13":"purchasable","14":"product-type-simple"},"jetpack_sharing_enabled":true,"_links":{"self":[{"href":"https:\/\/luxoria.si\/index.php\/wp-json\/wp\/v2\/product\/2715","targetHints":{"allow":["GET"]}}],"collection":[{"href":"https:\/\/luxoria.si\/index.php\/wp-json\/wp\/v2\/product"}],"about":[{"href":"https:\/\/luxoria.si\/index.php\/wp-json\/wp\/v2\/types\/product"}],"replies":[{"embeddable":true,"href":"https:\/\/luxoria.si\/index.php\/wp-json\/wp\/v2\/comments?post=2715"}],"wp:featuredmedia":[{"embeddable":true,"href":"https:\/\/luxoria.si\/index.php\/wp-json\/wp\/v2\/media\/4253"}],"wp:attachment":[{"href":"https:\/\/luxoria.si\/index.php\/wp-json\/wp\/v2\/media?parent=2715"}],"wp:term":[{"taxonomy":"product_brand","embeddable":true,"href":"https:\/\/luxoria.si\/index.php\/wp-json\/wp\/v2\/product_brand?post=2715"},{"taxonomy":"product_cat","embeddable":true,"href":"https:\/\/luxoria.si\/index.php\/wp-json\/wp\/v2\/product_cat?post=2715"},{"taxonomy":"product_tag","embeddable":true,"href":"https:\/\/luxoria.si\/index.php\/wp-json\/wp\/v2\/product_tag?post=2715"}],"curies":[{"name":"wp","href":"https:\/\/api.w.org\/{rel}","templated":true}]}}