{"id":2721,"date":"2023-07-07T15:28:10","date_gmt":"2023-07-07T15:28:10","guid":{"rendered":"https:\/\/luxoria.si\/?post_type=product&#038;p=2721"},"modified":"2025-08-04T16:17:39","modified_gmt":"2025-08-04T16:17:39","slug":"bioliver-30-kapsul","status":"publish","type":"product","link":"https:\/\/luxoria.si\/index.php\/product\/bioliver-30-kapsul\/","title":{"rendered":"BIOLIVER &#8211; 30 kapsul"},"content":{"rendered":"\n<p>Sinergijska me\u0161anica izbranih rastlinskih izvle\u010dkov za JETRA &#8211; \u017dOL\u010c &#8211; HOLESTEROL<\/p>\n\n\n\n<p><strong>PAGESTI BADELJ IN ARTI\u010cOKA<\/strong><br>Je ena izmed klju\u010dnih sestavin Luxoria Bioliverja. Skupaj z arti\u010doko pomaga pri ohranjanju in izbolj\u0161anju zdravja jeter. Te rastlinski izvle\u010dki prispevajo k razstrupljanju in \u010di\u0161\u010denju jeter, ter podpirajo normalno delovanje tega pomembnega organa. Poleg tega arti\u010doka prispeva tudi k vzdr\u017eevanju normalnega nivoja lipidov, vklju\u010dno s holesterolom, v krvi. S tem pomaga ohranjati zdrav holesterol v telesu ter spodbuja zdravje srca in o\u017eilja. Arti\u010doka ima tudi vlogo pri uravnavanju telesne te\u017ee, kar je pomembno za splo\u0161no zdravje.<\/p>\n\n\n\n<p><strong>A\u010cO\u010cA<\/strong><br>Rrastlinski izvle\u010dek, ki ima bogato tradicijo uporabe in cenjenosti med indijanci kulture Moche, izvornimi prebivalci Andov v Ju\u017eni Ameriki. Ta izvle\u010dek je dodan v Luxoria Bioliver, da bi prispeval svoje koristne lastnosti za zdravje jeter, \u017eol\u010da in holesterola.<br><br><strong>GR\u0160KO SENO<\/strong><br>Je \u0161e ena sestavina Luxoria Bioliverja, ki s svojimi lastnostmi podpira uravnavanje lipidov v telesu, vklju\u010dno s holesterolom in trigliceridi. Z redno uporabo in uravnote\u017eeno prehrano, gr\u0161ko seno pomaga pri vzdr\u017eevanju zdravih ravni lipidov, kar je klju\u010dno za zdravo srce in optimalno delovanje.<br><br><strong>REGRAT <\/strong><br>Regrat ima pomembno vlogo pri spodbujanju prebave ter ugodno vpliva na delovanje \u017eol\u010da. S svojimi naravnimi lastnostmi, regrat pospe\u0161uje prebavne procese in pomaga pri bolj\u0161em izlo\u010danju \u017eol\u010da, kar vodi v bolj\u0161e delovanje prebavnega sistema.<\/p>\n\n\n\n<p><br><br><br><br><br><br><\/p>\n","protected":false},"excerpt":{"rendered":"<p><strong>Luxoria BIOLIVER \u2013 jetra, \u017eol\u010d, holesterol in presnovo ma\u0161\u010dob<\/strong> prehransko dopolnilo v kapsulah z izbranimi rastlinskimi izvle\u010dki. Naravna podpora jetrom in presnovi \u2013 z mo\u010djo tradicionalnih rastlin. BIOLIVER vsebuje sinergijsko me\u0161anico pegastega badlja, arti\u010doke, regrata, gr\u0161kega sena, a\u010do\u010de in \u010drnega popra. Vse sestavine so naravnega izvora in vklju\u010dene v premi\u0161ljenih razmerjih, brez umetnih dodatkov. Primeren za obdobja razstrupljanja, sprememb \u017eivljenjskega sloga ali kot podpora ob prehranskih obremenitvah. Kombinacija skrbno izbranih rastlinskih izvle\u010dkov, ki jih \u017ee stoletja cenijo zaradi njihove vloge pri podpori prebavi, presnovi in splo\u0161nemu ravnovesju telesa. Vsaka kapsula zdru\u017euje mo\u010d pegastega badlja, arti\u010doke, regrata in drugih tradicionalnih rastlin, ki so poznane kot zavezniki pri skrbi za jetra in prebavni sistem. Posebnost formulacije je visoka vsebnost silimarina iz pegastega badlja, standardiziran cinarin iz arti\u010doke ter dodatek \u010drnega popra za bolj\u0161o absorpcijo u\u010dinkovin. Prehransko dopolnilo je primerno za vegane.<\/p>\n","protected":false},"featured_media":4257,"comment_status":"open","ping_status":"closed","template":"","meta":{"_eb_attr":""},"product_brand":[],"product_cat":[32,22],"product_tag":[],"class_list":{"0":"post-2721","1":"product","2":"type-product","3":"status-publish","4":"has-post-thumbnail","6":"product_cat-vsi-izdelki","7":"product_cat-dopolnila","9":"first","10":"instock","11":"taxable","12":"shipping-taxable","13":"purchasable","14":"product-type-simple"},"jetpack_sharing_enabled":true,"_links":{"self":[{"href":"https:\/\/luxoria.si\/index.php\/wp-json\/wp\/v2\/product\/2721","targetHints":{"allow":["GET"]}}],"collection":[{"href":"https:\/\/luxoria.si\/index.php\/wp-json\/wp\/v2\/product"}],"about":[{"href":"https:\/\/luxoria.si\/index.php\/wp-json\/wp\/v2\/types\/product"}],"replies":[{"embeddable":true,"href":"https:\/\/luxoria.si\/index.php\/wp-json\/wp\/v2\/comments?post=2721"}],"wp:featuredmedia":[{"embeddable":true,"href":"https:\/\/luxoria.si\/index.php\/wp-json\/wp\/v2\/media\/4257"}],"wp:attachment":[{"href":"https:\/\/luxoria.si\/index.php\/wp-json\/wp\/v2\/media?parent=2721"}],"wp:term":[{"taxonomy":"product_brand","embeddable":true,"href":"https:\/\/luxoria.si\/index.php\/wp-json\/wp\/v2\/product_brand?post=2721"},{"taxonomy":"product_cat","embeddable":true,"href":"https:\/\/luxoria.si\/index.php\/wp-json\/wp\/v2\/product_cat?post=2721"},{"taxonomy":"product_tag","embeddable":true,"href":"https:\/\/luxoria.si\/index.php\/wp-json\/wp\/v2\/product_tag?post=2721"}],"curies":[{"name":"wp","href":"https:\/\/api.w.org\/{rel}","templated":true}]}}