{"id":3326,"date":"2025-02-23T13:55:04","date_gmt":"2025-02-23T13:55:04","guid":{"rendered":"https:\/\/luxoria.si\/?post_type=product&#038;p=3326"},"modified":"2025-03-15T23:30:49","modified_gmt":"2025-03-15T23:30:49","slug":"kih-mazilo-za-nos-15-ml","status":"publish","type":"product","link":"https:\/\/luxoria.si\/index.php\/product\/kih-mazilo-za-nos-15-ml\/","title":{"rendered":"KIH MAZILO ZA NOS \u2013 15 ml"},"content":{"rendered":"\n<p><br><strong>Kih mazilo<\/strong> zdru\u017euje visoko vsebnost rastlinskih izvle\u010dkov ro\u017emarina, <br>\u0161entjan\u017eevke, vrtnega ognji\u010da in timijana, ki so dopolnjeni z mentolom, <br>kafro ter vitaminom E. Njegovo aromati\u010dno noto oblikujejo eteri\u010dna <br>olja evkalipta, poprove mete, timijana, jelkinih iglic, nageljnovih \u017ebic in <br>\u010dajevca, kar pripomore k osve\u017eujo\u010demu in spro\u0161\u010dujo\u010demu u\u010dinku.<\/p>\n\n\n\n<p><strong>Mazilna osnov<\/strong>a temelji na naravnih in ekolo\u0161kih sestavinah, <br>saj vsebuje lipide plodov kokosa, karitejevo maslo, \u010debelji vosek ter<br>hranilna olja jojobe in oljke. Sinergija timijana, mentola, kafre <br>ter drugih rastlinskih izvle\u010dkov in eteri\u010dnih olj pomaga pri sprostitvi <br>dihalnih poti, hkrati pa neguje ob\u010dutljivo ko\u017eo okoli nosnic in \u0161\u010diti sluznico. <br>Ob nanosu zagotavlja  prijeten ob\u010dutek olaj\u0161anja ter podpira naravne <br>regenerativne procese ko\u017ee.<\/p>\n\n\n\n<p><\/p>\n","protected":false},"excerpt":{"rendered":"<p>Ekolo\u0161ko aromati\u010dno mazilo za nos in vtiranje ob prehladu deluje spro\u0161\u010dujo\u010de in obnovitveno.<br \/>\nPomaga odpreti dihalne poti, \u0161\u010diti sluznico ter neguje ko\u017eo okoli nosnic,<br \/>\nkrati pa zagotavlja prijeten ob\u010dutek olaj\u0161anja.<\/p>\n","protected":false},"featured_media":4240,"comment_status":"open","ping_status":"closed","template":"","meta":{"_eb_attr":""},"product_brand":[],"product_cat":[32,20],"product_tag":[],"class_list":{"0":"post-3326","1":"product","2":"type-product","3":"status-publish","4":"has-post-thumbnail","6":"product_cat-vsi-izdelki","7":"product_cat-nega-koze","9":"first","10":"instock","11":"taxable","12":"shipping-taxable","13":"purchasable","14":"product-type-simple"},"jetpack_sharing_enabled":true,"_links":{"self":[{"href":"https:\/\/luxoria.si\/index.php\/wp-json\/wp\/v2\/product\/3326","targetHints":{"allow":["GET"]}}],"collection":[{"href":"https:\/\/luxoria.si\/index.php\/wp-json\/wp\/v2\/product"}],"about":[{"href":"https:\/\/luxoria.si\/index.php\/wp-json\/wp\/v2\/types\/product"}],"replies":[{"embeddable":true,"href":"https:\/\/luxoria.si\/index.php\/wp-json\/wp\/v2\/comments?post=3326"}],"wp:featuredmedia":[{"embeddable":true,"href":"https:\/\/luxoria.si\/index.php\/wp-json\/wp\/v2\/media\/4240"}],"wp:attachment":[{"href":"https:\/\/luxoria.si\/index.php\/wp-json\/wp\/v2\/media?parent=3326"}],"wp:term":[{"taxonomy":"product_brand","embeddable":true,"href":"https:\/\/luxoria.si\/index.php\/wp-json\/wp\/v2\/product_brand?post=3326"},{"taxonomy":"product_cat","embeddable":true,"href":"https:\/\/luxoria.si\/index.php\/wp-json\/wp\/v2\/product_cat?post=3326"},{"taxonomy":"product_tag","embeddable":true,"href":"https:\/\/luxoria.si\/index.php\/wp-json\/wp\/v2\/product_tag?post=3326"}],"curies":[{"name":"wp","href":"https:\/\/api.w.org\/{rel}","templated":true}]}}